of 1440041.
167, 8623
List the prime factors of 302609.
302609
List the prime factors of 5743336.
2, 717917
List the prime factors of 3234712.
2, 13, 19, 1637
List the prime factors of 3964487.
23, 97, 1777
What are the prime factors of 533478?
2, 3, 11, 59, 137
What are the prime factors of 4861648?
2, 11, 23, 1201
List the prime factors of 669365.
5, 133873
What are the prime factors of 572036?
2, 83, 1723
What are the prime factors of 36240788?
2, 83, 109159
What are the prime factors of 364053?
3, 121351
What are the prime factors of 15288227?
15288227
List the prime factors of 279033.
3, 281, 331
List the prime factors of 691053.
3, 11, 43, 487
List the prime factors of 568278.
2, 3, 131, 241
List the prime factors of 2279567.
2279567
List the prime factors of 3073423.
149, 20627
What are the prime factors of 502617?
3, 239, 701
List the prime factors of 467927.
467927
List the prime factors of 7973389.
37, 215497
What are the prime factors of 167650?
2, 5, 7, 479
What are the prime factors of 6608870?
2, 5, 660887
What are the prime factors of 11781325?
5, 471253
List the prime factors of 487302.
2, 3, 241, 337
List the prime factors of 273791.
7, 39113
What are the prime factors of 694268?
2, 37, 4691
What are the prime factors of 9605796?
2, 3, 800483
List the prime factors of 109308.
2, 3, 9109
What are the prime factors of 3240515?
5, 739, 877
What are the prime factors of 6959183?
7, 11, 90379
What are the prime factors of 947709?
3, 7, 307
List the prime factors of 287737.
53, 61, 89
What are the prime factors of 11413524?
2, 3, 347, 2741
List the prime factors of 4536496.
2, 37, 79, 97
List the prime factors of 1160172.
2, 3, 13, 37, 67
What are the prime factors of 134203?
43, 3121
List the prime factors of 523747.
7, 74821
What are the prime factors of 6112168?
2, 764021
List the prime factors of 142223.
142223
What are the prime factors of 137810?
2, 5, 13781
What are the prime factors of 393411?
3, 71, 1847
List the prime factors of 341571.
3, 41, 2777
List the prime factors of 386010.
2, 3, 5, 4289
List the prime factors of 706493.
257, 2749
List the prime factors of 2915206.
2, 7, 151, 197
List the prime factors of 306935.
5, 17, 23, 157
List the prime factors of 6858079.
1361, 5039
List the prime factors of 80994.
2, 3, 13499
What are the prime factors of 16242467?
3413, 4759
What are the prime factors of 88435?
5, 23, 769
List the prime factors of 414447.
3, 11, 19, 661
What are the prime factors of 402089?
402089
List the prime factors of 1877638.
2, 7, 43, 3119
List the prime factors of 280444.
2, 70111
List the prime factors of 8850353.
17, 520609
List the prime factors of 25914456.
2, 3, 53, 6791
List the prime factors of 27366701.
27366701
List the prime factors of 366968.
2, 7, 6553
List the prime factors of 5936580.
2, 3, 5, 13, 43, 59
What are the prime factors of 7588826?
2, 7, 211, 367
What are the prime factors of 1145295?
3, 5, 31, 821
What are the prime factors of 708042?
2, 3, 199, 593
What are the prime factors of 2018448?
2, 3, 107, 131
What are the prime factors of 256513?
17, 79, 191
List the prime factors of 2042025.
3, 5, 19, 1433
List the prime factors of 592531.
592531
What are the prime factors of 814118?
2, 407059
What are the prime factors of 715542?
2, 3, 31, 3847
What are the prime factors of 105526?
2, 19, 2777
What are the prime factors of 1535183?
13, 269, 439
List the prime factors of 140667.
3, 46889
List the prime factors of 9487227.
3, 103, 30703
What are the prime factors of 4788952?
2, 7, 85517
What are the prime factors of 31996855?
5, 11, 19, 67, 457
List the prime factors of 774451.
269, 2879
What are the prime factors of 33884?
2, 43, 197
What are the prime factors of 373817?
157, 2381
List the prime factors of 6666327.
3, 37, 6673
What are the prime factors of 185269?
7, 19, 199
List the prime factors of 2764701.
3, 307189
List the prime factors of 265824.
2, 3, 13, 71
What are the prime factors of 1030568?
2, 7, 11, 239
What are the prime factors of 2079511?
7, 31, 37
List the prime factors of 162301.
109, 1489
List the prime factors of 3515912.
2, 19, 23131
What are the prime factors of 1027594?
2, 23, 89, 251
List the prime factors of 3332458.
2, 1033, 1613
List the prime factors of 302982.
2, 3, 50497
What are the prime factors of 1452489?
3, 281, 1723
List the prime factors of 4573890.
2, 3, 5, 50821
What are the prime factors of 2392860?
2, 3, 5, 19, 2099
What are the prime factors of 452769?
3, 37, 4079
List the prime factors of 447705.
3, 5, 9949
What are the prime factors of 775354?
2, 387677
List the prime factors of 2241466.
2, 197, 5689
What are the prime factors of 4132390?
2, 5, 41, 10079
What are the prime factors of 674536?
2, 84317
List the prime factors of 239770.
2, 5, 23977
List the prime factors of 58986.
2, 3, 29, 113
What are the prime factors of 130432?
2, 1019
What are the prime factors of 6672012?
2, 3, 41, 71, 191
List the prime factors of 785339.
79, 9941
What are the prime factors of 300642?
2, 3, 89, 563
List the prime factors of 128159.
128159
What are the prime factors of 3551998?
2, 79, 22481
List the prime factors of 179798.
2, 89899
List the prime factors of 140115.
3, 5, 9341
What are the prime factors of 5308997?
59, 89983
What are the prime factors of 175221?
3, 19469
List the prime factors of 762127.
17, 127, 353
What are the prime factors of 187881?
3, 62627
List the prime factors of 87969.
3, 7, 59, 71
List the prime factors of 2380649.
137, 17377
List the prime factors of 84590.
2, 5, 11, 769
List the prime factors of 200151.
3, 7, 353
What are the prime factors of 4561910?
2, 5, 97, 4703
What are the prime factors of 47212?
2, 11, 29, 37
What are the prime factors of 187927?
187927
What are the prime factors of 7660408?
2, 7, 29, 53, 89
List the prime factors of 1029114.
2, 3, 57173
List the prime factors of 208529.
208529
What are the prime factors of 30550826?
2, 37, 412849
List the prime factors of 506231.
11, 46021
List the prime factors of 1173594.
2, 3, 195599
List the prime factors of 10401762.
2, 3, 7, 167, 1483
What are the prime factors of 659823?
3, 219941
List the prime factors of 393712.
2, 11, 2237
List the prime factors of 21826.
2, 7, 1559
List the prime factors of 31125.
3, 5, 83
List the prime factors of 432927.
3, 11, 4373
What are the prime factors of 2196021?
3, 829, 883
What are the prime factors of 26763?
3, 11, 811
List the prime factors of 2467556.
2, 7, 13, 6779
List the prime factors of 183162.
2, 3, 7, 89
What are the prime factors of 9789283?
7, 23, 41, 1483
What are the prime factors of 419888?
2, 7, 23, 163
What are the prime factors of 3536795?
5, 707359
List the prime factors of 102889.
31, 3319
List the prime factors of 12976616.
2, 1622077
What are the prime factors of 3184704?
2, 3, 19, 97
List the prime factors of 394350.
2, 3, 5, 11, 239
What are the prime factors of 10864999?
10864999
List the prime factors of 40449.
3, 97, 139
List the prime factors of 386853.
3, 128951
List the prime factors of 190251.
3, 21139
List the prime factors of 72577.
72577
What are the prime factors of 360755?
5, 23, 3137
List the prime factors of 8470.
2, 5, 7, 11
What are the prime factors of 19729?
109, 181
What are the prime factors of 1332510?
2, 3, 5, 44417
List the prime factors of 2982426.
2, 3, 71, 7001
List the prime factors of 188835.
3, 5, 12589
What are the prime factors of 6854?
2, 23, 149
List the prime factors of 806175.
3, 5, 3583
List the prime factors of 108749.
17, 6397
List the prime factors of 414032.
2, 113, 229
List the prime factors of 917669.
917669
List the prime factors of 2021436.
2, 3, 17, 367
List the prime factors of 561839.
561839
What are the prime factors of 7954139?
47, 83, 2039
What are the prime factors of 2314021?
331, 6991
What are the prime factors of 1645563?
3, 548521
What are the prime factors of 3586340?
2, 5, 179317
List the prime factors of 3117184.
2, 7, 71
List the prime factors of 533665.
5, 11, 31, 313
List the prime factors of 11233250.
2, 5, 7, 131
What are the prime factors of 177494?
2, 88747
List the prime factors of 747652.
2, 409, 457
What are the prime factors of 163439?
353, 463
List the prime factors of 10627894.
2, 461, 11527
List the prime factors of 66542.